s of ((-2)/c)/6 + (-1295)/(-30)?
43
Suppose 3966 = 15*x + 1281. What are the prime factors of x?
179
Let v(b) = -5*b**2 + 14*b - 4. Let d be v(12). What are the prime factors of (-1)/(-4) - d/16?
5, 7
Let s(d) be the second derivative of d**4/12 + d**3/6 - 23*d**2 - 3*d. List the prime factors of s(-14).
2, 17
Let p = -39 + 368. What are the prime factors of p?
7, 47
Let t(q) = 29*q**2 + 10*q + 6. List the prime factors of t(-7).
23, 59
Suppose j + 3*j + 3*n = -52, -3*n = 3*j + 42. Let d be (-508)/(-16) + 2/8. Let g = d + j. List the prime factors of g.
2, 11
Suppose 0 = 18*k - 16*k. Suppose 5*j - 165 - 210 = k. List the prime factors of j.
3, 5
Let c be -4*1/(6/(-9)). Let l be c/(-30) - 8/10. Let h = 6 + l. List the prime factors of h.
5
Let a(w) = 5*w - 24. Let n be a(6). Suppose 3*y - 85 = -4*c + 59, 0 = 2*c + n. List the prime factors of y.
2, 13
Let u = 786 + -1188. What are the prime factors of (u/(-9))/((-4)/(-6))?
67
Let h be 18/99 + 2/(-11). Suppose -v + 3*m - 2*m + 33 = h, -2*m - 10 = 0. Suppose -2*f = 4 - v. What are the prime factors of f?
2, 3
Let h be 0 - 3 - -2 - (-10 - 1). Suppose -12*w + h*w + 162 = 0. List the prime factors of w.
3
Suppose -3*o = -7*o + 2*n + 10, -o - 8 = -4*n. Suppose -23 = -g - o*f + 31, -3*f - 40 = -g. What are the prime factors of g?
2, 23
Let c(n) be the second derivative of n**4/4 + n**3/6 + 3*n**2/2 - 9*n. What are the prime factors of c(2)?
17
List the prime factors of 11397/3 + (16 - 5).
2, 3, 5, 127
Suppose -6*v + 91 = 43. Suppose -12*h + 204 = -v*h. List the prime factors of h.
3, 17
Let y = 19 + -17. Suppose y*x + 7*s - 3*s = 0, 0 = -4*x - 4*s + 4. What are the prime factors of 6/x - 1*-26?
29
Let q = 565 - 314. What are the prime factors of q?
251
Suppose -8 = -10*w + 8*w. Let d(y) = -y**2 + 2*y. Let j be d(w). List the prime factors of (7 - 3)*(-70)/j.
5, 7
Let a(s) = -s**2 + 9*s - 8. Let c be a(6). Let f = c - 8. List the prime factors of (f + 27/(-3))*-1.
7
Suppose 12 = 5*n - 13, 3*k + 5*n = 4114. List the prime factors of k.
29, 47
Let d(r) = 330*r - 631. List the prime factors of d(7).
23, 73
Let n(w) = w**3 - 7*w**2 + 6*w - 2. Let d be n(4). Let s = -24 - d. Suppose s*p - 7*p + 279 = 4*u, -5*u - 105 = -2*p. List the prime factors of p.
5, 11
Let r(v) = 10*v + 85. What are the prime factors of r(4)?
5
Suppose -3*z - 8 = -5*c, -3*z + 4*c + 2 - 12 = 0. What are the prime factors of (-4)/(3/z + 0)?
2
Let k(c) be the first derivative of 8*c**4 - 2*c**3/3 + c**2 - 3*c + 10. Let u be k(2). Suppose 0 = -q + 4*q - u. List the prime factors of q.
83
Let a(r) = r**2 - 32*r - 82. List the prime factors of a(-17).
751
Let x = 21 + -10. Suppose -l + 4*l = -2*y - x, 2*y + 16 = -4*l. Suppose g + y*g - 15 = 0. List the prime factors of g.
5
Suppose 0 = 18*r - 19625 - 4459. What are the prime factors of r?
2, 3, 223
Let z(i) = 6*i**2 - i - 4. Suppose 3 = 4*o - 13. Let t be z(o). Suppose -2*d = 5*u - t, 0 = 2*d - 8. List the prime factors of u.
2
Suppose -270 = 12*b - 15*b. Let k = b + -59. List the prime factors of k.
31
Suppose 3*s = 2*s + 52. Suppose -6*o = -2*o + 3*t + s, -5*o = -5*t + 30. Let w = 16 - o. What are the prime factors of w?
2, 13
Let f = -3 + -6. What are the prime factors of 69*(-1)/f*3?
23
Let j = -108 + 169. Suppose 0*a - 2*a - 3*y + j = 0, 4*y = 4. Let v = a - 14. List the prime factors of v.
3, 5
Let g be (((-3)/(-9))/1)/((-3)/(-522)). Let a = g + 25. List the prime factors of a.
83
What are the prime factors of 591/2*120/(-60)*-3?
3, 197
Let c = -4409 + 7665. What are the prime factors of c?
2, 11, 37
Let s(t) be the first derivative of 2*t**3 + t**2 - 6*t - 8. List the prime factors of s(3).
2, 3
Suppose 5*v = 2*r + 21769 - 8089, 4*v = -3*r + 10967. List the prime factors of v.
2, 37
Let x(n) = 5*n**3 - 5*n**2 + 9*n + 1. What are the prime factors of x(8)?
3, 257
Suppose 3*a - 5*x = 241, -5*a - 2*x = -27 - 385. Suppose -83*c + a*c = -82. List the prime factors of c.
2, 41
Let d(l) be the second derivative of 51*l**5/10 - l**3/3 + l**2/2 - 21*l. What are the prime factors of d(1)?
101
Let k(c) = 7*c + 4 - 6*c**2 + c + 5*c**2 + 3. What are the prime factors of k(5)?
2, 11
Suppose -3*v + 57 = -2*c, -c - 19 = -v + 2*c. Let l = 15 + v. What are the prime factors of l?
2, 17
Let n = 386 + -165. What are the prime factors of n?
13, 17
Suppose -12*k = -9*k - 3, -a - 3*k + 165 = 0. What are the prime factors of a?
2, 3
What are the prime factors of (-5 - 9/36)*-60?
3, 5, 7
Let o be (-2)/(-8) - ((-19)/4 + 1). Suppose g - 318 = 4*j, o*j - 954 = -2*g - 270. List the prime factors of g.
2, 167
Suppose 89 = 5*w + k - 3*k, -4*w + 78 = -5*k. Let s be (-16)/(-8) - w/(-1). Let a = s - -11. What are the prime factors of a?
2, 3, 5
Let h(x) = -6*x - 1. Let l(p) = p - 1. Let j(b) = -h(b) - 3*l(b). Let s = 20 - 6. What are the prime factors of j(s)?
2, 23
Suppose -5*m - 7 = -47. Suppose -m = 2*b, -3*t + 14 = -t - b. Suppose -3*x - 115 = -t*r, 2*r - 35 = -x - 0*x. List the prime factors of r.
2, 5
Let a = -794 + 2005. List the prime factors of a.
7, 173
Let k = 1887 + -849. List the prime factors of k.
2, 3, 173
Let k(z) = -539*z - 19. List the prime factors of k(-1).
2, 5, 13
Suppose 10*a - 12*a + 1334 = 0. What are the prime factors of a?
23, 29
Let f(b) = 85*b**3 - b**2 + 2. List the prime factors of f(1).
2, 43
Let v(o) = -o**3 + 13*o**2 + 17*o - 14. Let i be v(14). What are the prime factors of (-836)/(-14) + 8/i?
2, 3, 5
Let t(z) be the first derivative of -z**2/2 + 5*z - 2. Let f be t(-7). Let i = f + -9. List the prime factors of i.
3
Let f(t) = -2*t + 7. Let w(d) = d. Let a(g) = 2*f(g) + 6*w(g). Let m be a(-7). Suppose 9 = s - 3*l, 4*l + m*l + 6 = s. What are the prime factors of s?
2, 3
Let u(o) = 6*o - 9. Let r be u(15). Let g = -45 + r. List the prime factors of g.
2, 3
Let m = 719 - -348. What are the prime factors of m?
11, 97
Suppose 0 = 24*j + 45*j - 180228. List the prime factors of j.
2, 653
Let z(y) be the second derivative of -y**6/360 + y**5/10 + 5*y**4/6 - 2*y. Let k(o) be the third derivative of z(o). What are the prime factors of k(4)?
2
Suppose 0 = -s + 5*t - 4*t + 1731, s - 1761 = -5*t. What are the prime factors of s?
2, 7, 31
Let q = -358 - -581. List the prime factors of q.
223
Let u(j) = 31*j + 27. Let t(i) = i - 1. Let k(c) = 4*t(c) - u(c). List the prime factors of k(-5).
2, 13
Suppose -6*t + s = -9*t + 948, 2*s = -t + 321. What are the prime factors of t?
3, 5, 7
Let s be (456/18)/(1/12). List the prime factors of ((-3)/(-2))/(57/s).
2
Suppose 0 = 3*g + 30 - 690. Suppose -5*z + g = -z. What are the prime factors of z?
5, 11
Let k = -697 - -1076. List the prime factors of k.
379
Suppose 3*f + 42*o = 41*o + 1412, 3*f - 1406 = 2*o. What are the prime factors of f?
2, 5, 47
Let p = -62 - -68. Suppose 0 = -k - j + 43, -4*j + 80 = p*k - 4*k. List the prime factors of k.
2, 23
Let a = -120 - -45. Let d = -56 - a. List the prime factors of d.
19
Let p = 80 - -474. What are the prime factors of p?
2, 277
Let o(t) = -t**3 - 7*t**2 - 6*t + 4. Let a be o(-6). Suppose a*s - 174 = -2*y, y - 3*s + 4*s = 83. Let j = -44 + y. List the prime factors of j.
5, 7
Let q be ((-460)/8 - -5)*(0 - -2). What are the prime factors of q/(-2 - -9)*20/(-6)?
2, 5
List the prime factors of (13 - -478)*(-1 - -2) + 0.
491
Suppose 8706 = 12*s + 1086. List the prime factors of s.
5, 127
Suppose 412 = -6*a + 10*a. Suppose u - 5*v = -0*u + 41, -a = -3*u + 5*v. What are the prime factors of u?
31
Let a = 85 - 51. Suppose 4*w - a = -2*i + 2, -2*w + 26 = 3*i. What are the prime factors of w?
7
Let m(n) = -4*n**2 - 14*n - 9. Let g(o) = -11*o**2 - 42*o - 26. Let l(d) = 3*g(d) - 8*m(d). Suppose 6 = -p - 1. List the prime factors of l(p).
43
Let m(b) be the first derivative of -b**6/360 - b**5/12 - b**4/4 - 8*b**3/3 - 5. Let a(u) be the third derivative of m(u). List the prime factors of a(-9).
3
Let v(f) = 720*f**2 + 4*f + 6. List the prime factors of v(-1).
2, 19
Let m be -4 + -2 + 5 - (116 + -1). Let r = m + 178. List the prime factors of r.
2, 31
Suppose -4*z - 57 = z + 3*x, x + 40 = -4*z. Let c(g) = 7*g**2 - 8*g**2 + 1 + 3*g**2 + 7*g - g**2. List the prime factors of c(z).
19
Let q(n) be the third derivative of n**6/120 - 3*n**5/20 - 7*n**4/24 - 15*n**2. List the prime factors of q(10).
2, 3, 5
Suppose 4*o - 2